{"id":3850,"date":"2024-05-29T09:32:28","date_gmt":"2024-05-29T09:32:28","guid":{"rendered":"https:\/\/luan.webrt.net\/dulsonpaint\/?post_type=product&#038;p=3850"},"modified":"2024-06-13T01:56:15","modified_gmt":"2024-06-13T01:56:15","slug":"son-chong-tham-mau-ct-02","status":"publish","type":"product","link":"https:\/\/dulsonpaint.com\/?product=son-chong-tham-mau-ct-02","title":{"rendered":"S\u01a1n si\u00eau b\u00f3ng men s\u1ee9 Enamel"},"content":{"rendered":"","protected":false},"excerpt":{"rendered":"<div>\n<p>S\u01a1n si\u00eau b\u00f3ng men s\u1ee9 NANO l\u00e0 lo\u1ea1i s\u01a1n cao c\u1ea5p \u0111\u1eb7c bi\u1ec7t \u0111\u01b0\u1ee3c \u00e1p d\u1ee5ng c\u00f4ng ngh\u1ec7 m\u1edbi nh\u1ea5t hi\u1ec7n nay l\u1ea7n \u0111\u1ea7u ti\u00ean c\u00f3 m\u1eb7t t\u1ea1i th\u1ecb tr\u01b0\u1eddng Vi\u1ec7t Nam. V\u1edbi nh\u1eefng t\u00ednh n\u0103ng \u01b0u vi\u1ec7t, s\u01a1n men s\u1ee9 si\u00eau b\u1ec1n v\u00e0 m\u00e0ng s\u01a1n l\u00e1ng b\u00f3ng, tr\u1ee3n, d\u00e0y, chai c\u1ee9ng nh\u01b0 men s\u1ee9, c\u00f3 kh\u1ea3 n\u0103ng ch\u1ed1ng b\u00e1m b\u1ee5i, ch\u1ed1ng ch\u1ea7y x\u01b0\u1edbc v\u00e0 ch\u1ed1ng th\u1ea5m r\u1ea5t cao, \u0111\u1eb7c bi\u1ec7t l\u00e0 r\u1ea5t d\u1ec5 thi c\u00f4ng, b\u00e1m d\u00ednh t\u1ed1t v\u00e0 c\u00f3 \u0111\u1ed9 ph\u1ee7 cao.<\/p>\n<\/div>\n<div>\n<p><strong>Th\u00e0nh ph\u1ea7n c\u1ea5u t\u1ea1o ch\u00ednh<\/strong>: Keo ACRYLIC: 34 \u2013 36 %, n\u01b0\u1edbc v\u00e0 c\u00e1c h\u1ed7n h\u1ee3p kh\u00e1c: 64 \u2013 66 %.<\/p>\n<p><strong>Lo\u1ea1i s\u01a1n:<\/strong>\u00a0Ph\u1ee7 ho\u00e0n thi\u1ec7n<\/p>\n<p><strong>M\u00e0u s\u1eafc:<\/strong>\u00a0Theo qu\u1ea1t m\u00e0u v\u00e0 b\u1ea3ng m\u00e0u<\/p>\n<p><strong>\u0110\u1ed9 ph\u1ee7 th\u00f9y theo b\u1ec1 m\u1eb7t<\/strong>: 6 &#8211; 8 m<sup>2<\/sup>\/Kg\/L\u1edbp (\u0110\u00e3 pha lo\u00e3ng)<\/p>\n<p><strong>Pha lo\u00e3ng \u1edf nhi\u1ec7t \u0111\u1ed9 b\u00ecnh th\u01b0\u1eddng<\/strong>: L\u1edbp 1 pha lo\u00e3ng v\u1edbi n\u01b0\u1edbc s\u1ea1ch 5% &#8211; L\u1edbp 2 pha lo\u00e3ng v\u1edbi n\u01b0\u1edbc s\u1ea1ch 3%<\/p>\n<p><strong>Th\u1eddi gian kh\u00f4:<\/strong>\u00a0Kh\u00f4 b\u1ec1 m\u1eb7t: 35- 55 ph\u00fat, t\u00f9y th\u1eddi ti\u1ebft &#8211; Th\u1eddi gian kh\u00f4 to\u00e0n b\u1ed9: 2 &#8211; 2 gi\u1edd 45 ph\u00fat<\/p>\n<p><strong>H\u01b0\u1edbng d\u1eabn s\u1eed d\u1ee5ng<\/strong><\/p>\n<p><strong><em>T\u01b0\u1eddng m\u1edbi<\/em><\/strong><\/p>\n<p>Tr\u00e9t 2 l\u1edbp b\u1ed9t b\u1ea3 (b\u1ed9t tr\u00e9t) nh\u00e3n hi\u1ec7u DULSON<\/p>\n<p>L\u00f3t 1 &#8211; 2 l\u1edbp s\u01a1n l\u00f3t kh\u00e1ng ki\u1ec1m ngo\u1ea1i th\u1ea5t cao c\u1ea5p : DULSON SUPER PRIMER (T\u0103ng \u0111\u1ed9 b\u00e1m d\u00ednh, t\u0103ng \u0111\u1ed9 b\u1ec1n m\u00e0u s\u01a1n g\u1ea5p hai l\u1ea7n)<\/p>\n<p>S\u01a1n ph\u1ee7 2 l\u1edbp S\u01a1n ngo\u1ea1i th\u1ea5t si\u00eau ph\u1ee7 kh\u00f4ng b\u00f3ng DULSON SUPER COVER<\/p>\n<p><strong><em>T\u01b0\u1eddng c\u0169<\/em><\/strong><\/p>\n<p>X\u1eed l\u00fd v\u1ec7 sinh b\u1ec1 m\u1eb7t t\u01b0\u1eddng th\u1eadt s\u1ea1ch<\/p>\n<p>L\u00f3t 1 &#8211; 2 l\u1edbp s\u01a1n l\u00f3t kh\u00e1ng ki\u1ec1m ngo\u1ea1i th\u1ea5t: DULSON SUPER PRIMER\u00a0 (T\u0103ng \u0111\u1ed9 b\u00e1m d\u00ednh, t\u0103ng \u0111\u1ed9 b\u1ec1n m\u00e0u s\u01a1n g\u1ea5p hai\u00a0 l\u1ea7n)<\/p>\n<p>S\u01a1n ph\u1ee7 2 l\u1edbp S\u01a1n ngo\u1ea1i th\u1ea5t si\u00eau ph\u1ee7 kh\u00f4ng b\u00f3ng DULSON SUPER COVER<\/p>\n<p><strong>B\u1ea3o qu\u1ea3n<\/strong><strong>:\u00a0\u00a0<\/strong>\u0110\u1eady k\u00edn n\u1eafp \u0111\u1ec3 n\u01a1i tho\u00e1ng m\u00e1t kh\u00f4 r\u00e1o<strong>.\u00a0<\/strong>Khi s\u01a1n \u0111\u00e3 pha th\u00eam n\u01b0\u1edbc ph\u1ea3i s\u1eed d\u1ee5ng ngay.<\/p>\n<p><strong>C\u1ea3nh b\u00e1o an to\u00e0n<\/strong><strong>:<\/strong><\/p>\n<p>Tr\u00e1nh xa t\u1ea7m tay tr\u1ebb em, khi thi c\u00f4ng \u0111eo g\u0103ng tay, kh\u1ea9u trang, \u0111\u1ec3 s\u01a1n v\u00e0 bao b\u00ec \u0111\u00fang n\u01a1i quy \u0111\u1ecbnh, kh\u00f4ng \u0111\u1ed5 ra m\u00f4i tr\u01b0\u1eddng.<\/p>\n<\/div>\n","protected":false},"featured_media":4053,"comment_status":"open","ping_status":"closed","template":"","meta":[],"product_cat":[15,473,482],"product_tag":[],"acf":[],"yoast_head":"<!-- This site is optimized with the Yoast SEO plugin v22.8 - https:\/\/yoast.com\/wordpress\/plugins\/seo\/ -->\n<title>S\u1ed5 S\u1ea1c Kh\u1eafc Lazer Logo Theo Y\u00eau C\u1ea7u - M\u1eabu S\u1ed5 S\u1ea1c \u0110\u1eb9p Nh\u1ea5t !<\/title>\n<meta name=\"description\" content=\"Nh\u1eadt Minh l\u00e0 x\u01b0\u1edfng chuy\u00ean s\u1ea3n xu\u1ea5t s\u1ed5 s\u1ea1c kh\u1eafc lazer logo, s\u1ed5 s\u1ea1c \u0111i\u1ec7n tho\u1ea1i, s\u1ed5 pin d\u1ef1 ph\u00f2ng, c\u00f3 in \u1ea5n logo cho c\u00e1c doanh nghi\u1ec7p... LH: 0938.947.686\" \/>\n<meta name=\"robots\" content=\"index, follow, max-snippet:-1, max-image-preview:large, max-video-preview:-1\" \/>\n<link rel=\"canonical\" href=\"https:\/\/dulsonpaint.com\/?product=son-chong-tham-mau-ct-02\" \/>\n<meta property=\"og:locale\" content=\"vi_VN\" \/>\n<meta property=\"og:type\" content=\"article\" \/>\n<meta property=\"og:title\" content=\"S\u1ed5 S\u1ea1c Kh\u1eafc Lazer Logo Theo Y\u00eau C\u1ea7u - M\u1eabu S\u1ed5 S\u1ea1c \u0110\u1eb9p Nh\u1ea5t !\" \/>\n<meta property=\"og:description\" content=\"Nh\u1eadt Minh l\u00e0 x\u01b0\u1edfng chuy\u00ean s\u1ea3n xu\u1ea5t s\u1ed5 s\u1ea1c kh\u1eafc lazer logo, s\u1ed5 s\u1ea1c \u0111i\u1ec7n tho\u1ea1i, s\u1ed5 pin d\u1ef1 ph\u00f2ng, c\u00f3 in \u1ea5n logo cho c\u00e1c doanh nghi\u1ec7p... LH: 0938.947.686\" \/>\n<meta property=\"og:url\" content=\"https:\/\/dulsonpaint.com\/?product=son-chong-tham-mau-ct-02\" \/>\n<meta property=\"og:site_name\" content=\"dulsonpaint\" \/>\n<meta property=\"article:modified_time\" content=\"2024-06-13T01:56:15+00:00\" \/>\n<meta property=\"og:image\" content=\"https:\/\/dulsonpaint.com\/wp-content\/uploads\/2024\/06\/5-MEN-SU.jpg\" \/>\n\t<meta property=\"og:image:width\" content=\"1830\" \/>\n\t<meta property=\"og:image:height\" content=\"2108\" \/>\n\t<meta property=\"og:image:type\" content=\"image\/jpeg\" \/>\n<meta name=\"twitter:card\" content=\"summary_large_image\" \/>\n<meta name=\"twitter:label1\" content=\"\u01af\u1edbc t\u00ednh th\u1eddi gian \u0111\u1ecdc\" \/>\n\t<meta name=\"twitter:data1\" content=\"1 ph\u00fat\" \/>\n<script type=\"application\/ld+json\" class=\"yoast-schema-graph\">{\"@context\":\"https:\/\/schema.org\",\"@graph\":[{\"@type\":\"WebPage\",\"@id\":\"https:\/\/dulsonpaint.com\/?product=son-chong-tham-mau-ct-02\",\"url\":\"https:\/\/dulsonpaint.com\/?product=son-chong-tham-mau-ct-02\",\"name\":\"S\u1ed5 S\u1ea1c Kh\u1eafc Lazer Logo Theo Y\u00eau C\u1ea7u - M\u1eabu S\u1ed5 S\u1ea1c \u0110\u1eb9p Nh\u1ea5t !\",\"isPartOf\":{\"@id\":\"https:\/\/dulsonpaint.com\/#website\"},\"primaryImageOfPage\":{\"@id\":\"https:\/\/dulsonpaint.com\/?product=son-chong-tham-mau-ct-02#primaryimage\"},\"image\":{\"@id\":\"https:\/\/dulsonpaint.com\/?product=son-chong-tham-mau-ct-02#primaryimage\"},\"thumbnailUrl\":\"https:\/\/dulsonpaint.com\/wp-content\/uploads\/2024\/06\/5-MEN-SU.jpg\",\"datePublished\":\"2024-05-29T09:32:28+00:00\",\"dateModified\":\"2024-06-13T01:56:15+00:00\",\"description\":\"Nh\u1eadt Minh l\u00e0 x\u01b0\u1edfng chuy\u00ean s\u1ea3n xu\u1ea5t s\u1ed5 s\u1ea1c kh\u1eafc lazer logo, s\u1ed5 s\u1ea1c \u0111i\u1ec7n tho\u1ea1i, s\u1ed5 pin d\u1ef1 ph\u00f2ng, c\u00f3 in \u1ea5n logo cho c\u00e1c doanh nghi\u1ec7p... LH: 0938.947.686\",\"breadcrumb\":{\"@id\":\"https:\/\/dulsonpaint.com\/?product=son-chong-tham-mau-ct-02#breadcrumb\"},\"inLanguage\":\"vi\",\"potentialAction\":[{\"@type\":\"ReadAction\",\"target\":[\"https:\/\/dulsonpaint.com\/?product=son-chong-tham-mau-ct-02\"]}]},{\"@type\":\"ImageObject\",\"inLanguage\":\"vi\",\"@id\":\"https:\/\/dulsonpaint.com\/?product=son-chong-tham-mau-ct-02#primaryimage\",\"url\":\"https:\/\/dulsonpaint.com\/wp-content\/uploads\/2024\/06\/5-MEN-SU.jpg\",\"contentUrl\":\"https:\/\/dulsonpaint.com\/wp-content\/uploads\/2024\/06\/5-MEN-SU.jpg\",\"width\":1830,\"height\":2108},{\"@type\":\"BreadcrumbList\",\"@id\":\"https:\/\/dulsonpaint.com\/?product=son-chong-tham-mau-ct-02#breadcrumb\",\"itemListElement\":[{\"@type\":\"ListItem\",\"position\":1,\"name\":\"Trang ch\u1ee7\",\"item\":\"https:\/\/dulsonpaint.com\/\"},{\"@type\":\"ListItem\",\"position\":2,\"name\":\"Shop\",\"item\":\"https:\/\/dulsonpaint.com\/?page_id=63\"},{\"@type\":\"ListItem\",\"position\":3,\"name\":\"S\u01a1n si\u00eau b\u00f3ng men s\u1ee9 Enamel\"}]},{\"@type\":\"WebSite\",\"@id\":\"https:\/\/dulsonpaint.com\/#website\",\"url\":\"https:\/\/dulsonpaint.com\/\",\"name\":\"dulsonpaint\",\"description\":\"\",\"potentialAction\":[{\"@type\":\"SearchAction\",\"target\":{\"@type\":\"EntryPoint\",\"urlTemplate\":\"https:\/\/dulsonpaint.com\/?s={search_term_string}\"},\"query-input\":\"required name=search_term_string\"}],\"inLanguage\":\"vi\"}]}<\/script>\n<!-- \/ Yoast SEO plugin. -->","yoast_head_json":{"title":"S\u1ed5 S\u1ea1c Kh\u1eafc Lazer Logo Theo Y\u00eau C\u1ea7u - M\u1eabu S\u1ed5 S\u1ea1c \u0110\u1eb9p Nh\u1ea5t !","description":"Nh\u1eadt Minh l\u00e0 x\u01b0\u1edfng chuy\u00ean s\u1ea3n xu\u1ea5t s\u1ed5 s\u1ea1c kh\u1eafc lazer logo, s\u1ed5 s\u1ea1c \u0111i\u1ec7n tho\u1ea1i, s\u1ed5 pin d\u1ef1 ph\u00f2ng, c\u00f3 in \u1ea5n logo cho c\u00e1c doanh nghi\u1ec7p... LH: 0938.947.686","robots":{"index":"index","follow":"follow","max-snippet":"max-snippet:-1","max-image-preview":"max-image-preview:large","max-video-preview":"max-video-preview:-1"},"canonical":"https:\/\/dulsonpaint.com\/?product=son-chong-tham-mau-ct-02","og_locale":"vi_VN","og_type":"article","og_title":"S\u1ed5 S\u1ea1c Kh\u1eafc Lazer Logo Theo Y\u00eau C\u1ea7u - M\u1eabu S\u1ed5 S\u1ea1c \u0110\u1eb9p Nh\u1ea5t !","og_description":"Nh\u1eadt Minh l\u00e0 x\u01b0\u1edfng chuy\u00ean s\u1ea3n xu\u1ea5t s\u1ed5 s\u1ea1c kh\u1eafc lazer logo, s\u1ed5 s\u1ea1c \u0111i\u1ec7n tho\u1ea1i, s\u1ed5 pin d\u1ef1 ph\u00f2ng, c\u00f3 in \u1ea5n logo cho c\u00e1c doanh nghi\u1ec7p... LH: 0938.947.686","og_url":"https:\/\/dulsonpaint.com\/?product=son-chong-tham-mau-ct-02","og_site_name":"dulsonpaint","article_modified_time":"2024-06-13T01:56:15+00:00","og_image":[{"width":1830,"height":2108,"url":"https:\/\/dulsonpaint.com\/wp-content\/uploads\/2024\/06\/5-MEN-SU.jpg","type":"image\/jpeg"}],"twitter_card":"summary_large_image","twitter_misc":{"\u01af\u1edbc t\u00ednh th\u1eddi gian \u0111\u1ecdc":"1 ph\u00fat"},"schema":{"@context":"https:\/\/schema.org","@graph":[{"@type":"WebPage","@id":"https:\/\/dulsonpaint.com\/?product=son-chong-tham-mau-ct-02","url":"https:\/\/dulsonpaint.com\/?product=son-chong-tham-mau-ct-02","name":"S\u1ed5 S\u1ea1c Kh\u1eafc Lazer Logo Theo Y\u00eau C\u1ea7u - M\u1eabu S\u1ed5 S\u1ea1c \u0110\u1eb9p Nh\u1ea5t !","isPartOf":{"@id":"https:\/\/dulsonpaint.com\/#website"},"primaryImageOfPage":{"@id":"https:\/\/dulsonpaint.com\/?product=son-chong-tham-mau-ct-02#primaryimage"},"image":{"@id":"https:\/\/dulsonpaint.com\/?product=son-chong-tham-mau-ct-02#primaryimage"},"thumbnailUrl":"https:\/\/dulsonpaint.com\/wp-content\/uploads\/2024\/06\/5-MEN-SU.jpg","datePublished":"2024-05-29T09:32:28+00:00","dateModified":"2024-06-13T01:56:15+00:00","description":"Nh\u1eadt Minh l\u00e0 x\u01b0\u1edfng chuy\u00ean s\u1ea3n xu\u1ea5t s\u1ed5 s\u1ea1c kh\u1eafc lazer logo, s\u1ed5 s\u1ea1c \u0111i\u1ec7n tho\u1ea1i, s\u1ed5 pin d\u1ef1 ph\u00f2ng, c\u00f3 in \u1ea5n logo cho c\u00e1c doanh nghi\u1ec7p... LH: 0938.947.686","breadcrumb":{"@id":"https:\/\/dulsonpaint.com\/?product=son-chong-tham-mau-ct-02#breadcrumb"},"inLanguage":"vi","potentialAction":[{"@type":"ReadAction","target":["https:\/\/dulsonpaint.com\/?product=son-chong-tham-mau-ct-02"]}]},{"@type":"ImageObject","inLanguage":"vi","@id":"https:\/\/dulsonpaint.com\/?product=son-chong-tham-mau-ct-02#primaryimage","url":"https:\/\/dulsonpaint.com\/wp-content\/uploads\/2024\/06\/5-MEN-SU.jpg","contentUrl":"https:\/\/dulsonpaint.com\/wp-content\/uploads\/2024\/06\/5-MEN-SU.jpg","width":1830,"height":2108},{"@type":"BreadcrumbList","@id":"https:\/\/dulsonpaint.com\/?product=son-chong-tham-mau-ct-02#breadcrumb","itemListElement":[{"@type":"ListItem","position":1,"name":"Trang ch\u1ee7","item":"https:\/\/dulsonpaint.com\/"},{"@type":"ListItem","position":2,"name":"Shop","item":"https:\/\/dulsonpaint.com\/?page_id=63"},{"@type":"ListItem","position":3,"name":"S\u01a1n si\u00eau b\u00f3ng men s\u1ee9 Enamel"}]},{"@type":"WebSite","@id":"https:\/\/dulsonpaint.com\/#website","url":"https:\/\/dulsonpaint.com\/","name":"dulsonpaint","description":"","potentialAction":[{"@type":"SearchAction","target":{"@type":"EntryPoint","urlTemplate":"https:\/\/dulsonpaint.com\/?s={search_term_string}"},"query-input":"required name=search_term_string"}],"inLanguage":"vi"}]}},"_links":{"self":[{"href":"https:\/\/dulsonpaint.com\/index.php?rest_route=\/wp\/v2\/product\/3850"}],"collection":[{"href":"https:\/\/dulsonpaint.com\/index.php?rest_route=\/wp\/v2\/product"}],"about":[{"href":"https:\/\/dulsonpaint.com\/index.php?rest_route=\/wp\/v2\/types\/product"}],"replies":[{"embeddable":true,"href":"https:\/\/dulsonpaint.com\/index.php?rest_route=%2Fwp%2Fv2%2Fcomments&post=3850"}],"wp:featuredmedia":[{"embeddable":true,"href":"https:\/\/dulsonpaint.com\/index.php?rest_route=\/wp\/v2\/media\/4053"}],"wp:attachment":[{"href":"https:\/\/dulsonpaint.com\/index.php?rest_route=%2Fwp%2Fv2%2Fmedia&parent=3850"}],"wp:term":[{"taxonomy":"product_cat","embeddable":true,"href":"https:\/\/dulsonpaint.com\/index.php?rest_route=%2Fwp%2Fv2%2Fproduct_cat&post=3850"},{"taxonomy":"product_tag","embeddable":true,"href":"https:\/\/dulsonpaint.com\/index.php?rest_route=%2Fwp%2Fv2%2Fproduct_tag&post=3850"}],"curies":[{"name":"wp","href":"https:\/\/api.w.org\/{rel}","templated":true}]}}