{"id":4192,"date":"2025-05-10T02:26:57","date_gmt":"2025-05-10T02:26:57","guid":{"rendered":"https:\/\/dulsonpaint.com\/?post_type=product&#038;p=4192"},"modified":"2025-05-10T02:26:58","modified_gmt":"2025-05-10T02:26:58","slug":"bot-ba-ngoai-thatbbn","status":"publish","type":"product","link":"https:\/\/dulsonpaint.com\/?product=bot-ba-ngoai-thatbbn","title":{"rendered":"B\u1ed8T B\u1ea2 NGO\u1ea0I TH\u1ea4T:BBN"},"content":{"rendered":"<p><img loading=\"lazy\" decoding=\"async\" class=\"alignnone size-medium wp-image-4193\" src=\"https:\/\/dulsonpaint.com\/wp-content\/uploads\/2025\/05\/BBN-232x400.png\" alt=\"\" width=\"232\" height=\"400\" srcset=\"https:\/\/dulsonpaint.com\/wp-content\/uploads\/2025\/05\/BBN-232x400.png 232w, https:\/\/dulsonpaint.com\/wp-content\/uploads\/2025\/05\/BBN-464x800.png 464w, https:\/\/dulsonpaint.com\/wp-content\/uploads\/2025\/05\/BBN-768x1324.png 768w, https:\/\/dulsonpaint.com\/wp-content\/uploads\/2025\/05\/BBN-891x1536.png 891w, https:\/\/dulsonpaint.com\/wp-content\/uploads\/2025\/05\/BBN-600x1035.png 600w, https:\/\/dulsonpaint.com\/wp-content\/uploads\/2025\/05\/BBN.png 1180w\" sizes=\"(max-width: 232px) 100vw, 232px\" \/><\/p>\n","protected":false},"excerpt":{"rendered":"<p>B\u1ed9t b\u1ea3 ch\u1ed1ng th\u1ea5m ngo\u1ea1i th\u1ea5t cao c\u1ea5p d\u00f9ng cho s\u01a1n ph\u1ee7 l\u00e0 m\u1ed9t s\u1ea3n ph\u1ea9m tr\u1ed9n s\u1eb5n g\u1ed1c cement chuy\u00ean d\u00f9ng l\u00e0m l\u1edbp ph\u1ee7 ho\u00e0n thi\u1ec7n cu\u1ed1i c\u00f9ng cho b\u1ec1 m\u1eb7t b\u00ea t\u00f4ng hay v\u1eefa tr\u00e1t trong nh\u00e0 tr\u01b0\u1edbc khi s\u01a1n nh\u1eb1m t\u1ea1o b\u1ec1 m\u1eb7t ph\u1eb3ng, m\u1ecbn m\u00e0ng, ch\u1ed1ng th\u1ea5m t\u1ed1t.<\/p>\n<p>H\u01af\u1edaNG D\u00c1N S\u1eec D\u1ee4NG:<br \/>\n* \u0110\u1ea3m b\u1ea3o b\u1ec1 m\u1eb7t tr\u01b0\u1edbc khi b\u1ea3 ph\u1ea3i th\u1eadt s\u1ea1ch, kh\u00f4ng qu\u00e1 l\u1ed3i l\u00f5m v\u00e0 c\u00f3 \u0111\u1ed9 \u1ea9m b\u1ec1 m\u1eb7t kho\u1ea3ng t\u1eeb 22% \u0111\u1ebfn 28%.<br \/>\n* T\u1ef7 l\u1ec7 pha tr\u1ed9n b\u1ed9t\/n\u01b0\u1edbc s\u1eafp x\u1ec9 1\/3 (kho\u1ea3ng 15 l\u00edt n\u01b0\u1edbc s\u1ea1ch cho 1 bao 40kg). N\u00ean \u0111\u1ed7 t\u1eed t\u1eeb b\u1ed9t v\u00e0o n\u01b0\u1edbc \u0111\u1ec3 tr\u00e1nh v\u00f3n c\u1ee5c.<br \/>\n* Sau khi \u0111\u00e3 tr\u1ed9n b\u1ed9t th\u00e0nh h\u1ed7n h\u1ee3p nh\u00e3o \u0111\u1ed3ng nh\u1ea5t th\u00ec n\u00ean ch\u1edd kho\u1ea3ng 5 ph\u00fat cho h\u00f3\u00e1 ch\u1ea5t ph\u00e1t huy t\u00e1c d\u1ee5ng. Sau \u0111\u00f3 tr\u1ed9n l\u1ea1i l\u1ea7n n\u1eefa r\u1ed3i thi c\u00f4ng.<br \/>\n* Kh\u00f4ng n\u00ean thi c\u00f4ng l\u1edbp ph\u1ee7 (mastic) d\u00e0y qu\u00e1 3 mm.<br \/>\nB\u00c1O QU\u00c1N:<br \/>\n\u0110\u1ec3 n\u01a1i kh\u00f4 r\u00e1o, kh\u00f4ng x\u1ebfp ch\u1ed3ng l\u00ean qu\u00e1 10 bao.<br \/>\n\u0110\u1ecdc k\u1ef9 th\u00f4ng s\u1ed1 k\u1ef9 thu\u1eadt v\u00e0 h\u01b0\u1edbng d\u1eabn s\u1eed d\u1ee5ng tr\u01b0\u1edbc khi d\u00f9ng.<\/p>\n","protected":false},"featured_media":4193,"comment_status":"open","ping_status":"closed","template":"","meta":[],"product_cat":[15,172,482],"product_tag":[498],"acf":[],"yoast_head":"<!-- This site is optimized with the Yoast SEO plugin v22.8 - https:\/\/yoast.com\/wordpress\/plugins\/seo\/ -->\n<title>B\u1ed8T B\u1ea2 NGO\u1ea0I TH\u1ea4T:BBN - dulsonpaint<\/title>\n<meta name=\"description\" content=\"B\u1ed9t b\u1ea3 ch\u1ed1ng th\u1ea5m ngo\u1ea1i th\u1ea5t cao c\u1ea5p d\u00f9ng cho s\u01a1n ph\u1ee7 l\u00e0 m\u1ed9t s\u1ea3n ph\u1ea9m tr\u1ed9n s\u1eb5n g\u1ed1c cement chuy\u00ean d\u00f9ng l\u00e0m l\u1edbp ph\u1ee7 ho\u00e0n thi\u1ec7n cu\u1ed1i c\u00f9ng cho b\u1ec1 m\u1eb7t b\u00ea t\u00f4ng hay v\u1eefa tr\u00e1t trong nh\u00e0 tr\u01b0\u1edbc khi s\u01a1n nh\u1eb1m t\u1ea1o b\u1ec1 m\u1eb7t ph\u1eb3ng, m\u1ecbn m\u00e0ng, ch\u1ed1ng th\u1ea5m t\u1ed1t.\" \/>\n<meta name=\"robots\" content=\"index, follow, max-snippet:-1, max-image-preview:large, max-video-preview:-1\" \/>\n<link rel=\"canonical\" href=\"https:\/\/dulsonpaint.com\/?product=bot-ba-ngoai-thatbbn\" \/>\n<meta property=\"og:locale\" content=\"vi_VN\" \/>\n<meta property=\"og:type\" content=\"article\" \/>\n<meta property=\"og:title\" content=\"B\u1ed8T B\u1ea2 NGO\u1ea0I TH\u1ea4T:BBN - dulsonpaint\" \/>\n<meta property=\"og:description\" content=\"B\u1ed9t b\u1ea3 ch\u1ed1ng th\u1ea5m ngo\u1ea1i th\u1ea5t cao c\u1ea5p d\u00f9ng cho s\u01a1n ph\u1ee7 l\u00e0 m\u1ed9t s\u1ea3n ph\u1ea9m tr\u1ed9n s\u1eb5n g\u1ed1c cement chuy\u00ean d\u00f9ng l\u00e0m l\u1edbp ph\u1ee7 ho\u00e0n thi\u1ec7n cu\u1ed1i c\u00f9ng cho b\u1ec1 m\u1eb7t b\u00ea t\u00f4ng hay v\u1eefa tr\u00e1t trong nh\u00e0 tr\u01b0\u1edbc khi s\u01a1n nh\u1eb1m t\u1ea1o b\u1ec1 m\u1eb7t ph\u1eb3ng, m\u1ecbn m\u00e0ng, ch\u1ed1ng th\u1ea5m t\u1ed1t.\" \/>\n<meta property=\"og:url\" content=\"https:\/\/dulsonpaint.com\/?product=bot-ba-ngoai-thatbbn\" \/>\n<meta property=\"og:site_name\" content=\"dulsonpaint\" \/>\n<meta property=\"article:modified_time\" content=\"2025-05-10T02:26:58+00:00\" \/>\n<meta property=\"og:image\" content=\"https:\/\/dulsonpaint.com\/wp-content\/uploads\/2025\/05\/BBN.png\" \/>\n\t<meta property=\"og:image:width\" content=\"1180\" \/>\n\t<meta property=\"og:image:height\" content=\"2035\" \/>\n\t<meta property=\"og:image:type\" content=\"image\/png\" \/>\n<meta name=\"twitter:card\" content=\"summary_large_image\" \/>\n<meta name=\"twitter:label1\" content=\"\u01af\u1edbc t\u00ednh th\u1eddi gian \u0111\u1ecdc\" \/>\n\t<meta name=\"twitter:data1\" content=\"1 ph\u00fat\" \/>\n<script type=\"application\/ld+json\" class=\"yoast-schema-graph\">{\"@context\":\"https:\/\/schema.org\",\"@graph\":[{\"@type\":\"WebPage\",\"@id\":\"https:\/\/dulsonpaint.com\/?product=bot-ba-ngoai-thatbbn\",\"url\":\"https:\/\/dulsonpaint.com\/?product=bot-ba-ngoai-thatbbn\",\"name\":\"B\u1ed8T B\u1ea2 NGO\u1ea0I TH\u1ea4T:BBN - dulsonpaint\",\"isPartOf\":{\"@id\":\"https:\/\/dulsonpaint.com\/#website\"},\"primaryImageOfPage\":{\"@id\":\"https:\/\/dulsonpaint.com\/?product=bot-ba-ngoai-thatbbn#primaryimage\"},\"image\":{\"@id\":\"https:\/\/dulsonpaint.com\/?product=bot-ba-ngoai-thatbbn#primaryimage\"},\"thumbnailUrl\":\"https:\/\/dulsonpaint.com\/wp-content\/uploads\/2025\/05\/BBN.png\",\"datePublished\":\"2025-05-10T02:26:57+00:00\",\"dateModified\":\"2025-05-10T02:26:58+00:00\",\"description\":\"B\u1ed9t b\u1ea3 ch\u1ed1ng th\u1ea5m ngo\u1ea1i th\u1ea5t cao c\u1ea5p d\u00f9ng cho s\u01a1n ph\u1ee7 l\u00e0 m\u1ed9t s\u1ea3n ph\u1ea9m tr\u1ed9n s\u1eb5n g\u1ed1c cement chuy\u00ean d\u00f9ng l\u00e0m l\u1edbp ph\u1ee7 ho\u00e0n thi\u1ec7n cu\u1ed1i c\u00f9ng cho b\u1ec1 m\u1eb7t b\u00ea t\u00f4ng hay v\u1eefa tr\u00e1t trong nh\u00e0 tr\u01b0\u1edbc khi s\u01a1n nh\u1eb1m t\u1ea1o b\u1ec1 m\u1eb7t ph\u1eb3ng, m\u1ecbn m\u00e0ng, ch\u1ed1ng th\u1ea5m t\u1ed1t.\",\"breadcrumb\":{\"@id\":\"https:\/\/dulsonpaint.com\/?product=bot-ba-ngoai-thatbbn#breadcrumb\"},\"inLanguage\":\"vi\",\"potentialAction\":[{\"@type\":\"ReadAction\",\"target\":[\"https:\/\/dulsonpaint.com\/?product=bot-ba-ngoai-thatbbn\"]}]},{\"@type\":\"ImageObject\",\"inLanguage\":\"vi\",\"@id\":\"https:\/\/dulsonpaint.com\/?product=bot-ba-ngoai-thatbbn#primaryimage\",\"url\":\"https:\/\/dulsonpaint.com\/wp-content\/uploads\/2025\/05\/BBN.png\",\"contentUrl\":\"https:\/\/dulsonpaint.com\/wp-content\/uploads\/2025\/05\/BBN.png\",\"width\":1180,\"height\":2035},{\"@type\":\"BreadcrumbList\",\"@id\":\"https:\/\/dulsonpaint.com\/?product=bot-ba-ngoai-thatbbn#breadcrumb\",\"itemListElement\":[{\"@type\":\"ListItem\",\"position\":1,\"name\":\"Trang ch\u1ee7\",\"item\":\"https:\/\/dulsonpaint.com\/\"},{\"@type\":\"ListItem\",\"position\":2,\"name\":\"Shop\",\"item\":\"https:\/\/dulsonpaint.com\/?page_id=63\"},{\"@type\":\"ListItem\",\"position\":3,\"name\":\"B\u1ed8T B\u1ea2 NGO\u1ea0I TH\u1ea4T:BBN\"}]},{\"@type\":\"WebSite\",\"@id\":\"https:\/\/dulsonpaint.com\/#website\",\"url\":\"https:\/\/dulsonpaint.com\/\",\"name\":\"dulsonpaint\",\"description\":\"\",\"potentialAction\":[{\"@type\":\"SearchAction\",\"target\":{\"@type\":\"EntryPoint\",\"urlTemplate\":\"https:\/\/dulsonpaint.com\/?s={search_term_string}\"},\"query-input\":\"required name=search_term_string\"}],\"inLanguage\":\"vi\"}]}<\/script>\n<!-- \/ Yoast SEO plugin. -->","yoast_head_json":{"title":"B\u1ed8T B\u1ea2 NGO\u1ea0I TH\u1ea4T:BBN - dulsonpaint","description":"B\u1ed9t b\u1ea3 ch\u1ed1ng th\u1ea5m ngo\u1ea1i th\u1ea5t cao c\u1ea5p d\u00f9ng cho s\u01a1n ph\u1ee7 l\u00e0 m\u1ed9t s\u1ea3n ph\u1ea9m tr\u1ed9n s\u1eb5n g\u1ed1c cement chuy\u00ean d\u00f9ng l\u00e0m l\u1edbp ph\u1ee7 ho\u00e0n thi\u1ec7n cu\u1ed1i c\u00f9ng cho b\u1ec1 m\u1eb7t b\u00ea t\u00f4ng hay v\u1eefa tr\u00e1t trong nh\u00e0 tr\u01b0\u1edbc khi s\u01a1n nh\u1eb1m t\u1ea1o b\u1ec1 m\u1eb7t ph\u1eb3ng, m\u1ecbn m\u00e0ng, ch\u1ed1ng th\u1ea5m t\u1ed1t.","robots":{"index":"index","follow":"follow","max-snippet":"max-snippet:-1","max-image-preview":"max-image-preview:large","max-video-preview":"max-video-preview:-1"},"canonical":"https:\/\/dulsonpaint.com\/?product=bot-ba-ngoai-thatbbn","og_locale":"vi_VN","og_type":"article","og_title":"B\u1ed8T B\u1ea2 NGO\u1ea0I TH\u1ea4T:BBN - dulsonpaint","og_description":"B\u1ed9t b\u1ea3 ch\u1ed1ng th\u1ea5m ngo\u1ea1i th\u1ea5t cao c\u1ea5p d\u00f9ng cho s\u01a1n ph\u1ee7 l\u00e0 m\u1ed9t s\u1ea3n ph\u1ea9m tr\u1ed9n s\u1eb5n g\u1ed1c cement chuy\u00ean d\u00f9ng l\u00e0m l\u1edbp ph\u1ee7 ho\u00e0n thi\u1ec7n cu\u1ed1i c\u00f9ng cho b\u1ec1 m\u1eb7t b\u00ea t\u00f4ng hay v\u1eefa tr\u00e1t trong nh\u00e0 tr\u01b0\u1edbc khi s\u01a1n nh\u1eb1m t\u1ea1o b\u1ec1 m\u1eb7t ph\u1eb3ng, m\u1ecbn m\u00e0ng, ch\u1ed1ng th\u1ea5m t\u1ed1t.","og_url":"https:\/\/dulsonpaint.com\/?product=bot-ba-ngoai-thatbbn","og_site_name":"dulsonpaint","article_modified_time":"2025-05-10T02:26:58+00:00","og_image":[{"width":1180,"height":2035,"url":"https:\/\/dulsonpaint.com\/wp-content\/uploads\/2025\/05\/BBN.png","type":"image\/png"}],"twitter_card":"summary_large_image","twitter_misc":{"\u01af\u1edbc t\u00ednh th\u1eddi gian \u0111\u1ecdc":"1 ph\u00fat"},"schema":{"@context":"https:\/\/schema.org","@graph":[{"@type":"WebPage","@id":"https:\/\/dulsonpaint.com\/?product=bot-ba-ngoai-thatbbn","url":"https:\/\/dulsonpaint.com\/?product=bot-ba-ngoai-thatbbn","name":"B\u1ed8T B\u1ea2 NGO\u1ea0I TH\u1ea4T:BBN - dulsonpaint","isPartOf":{"@id":"https:\/\/dulsonpaint.com\/#website"},"primaryImageOfPage":{"@id":"https:\/\/dulsonpaint.com\/?product=bot-ba-ngoai-thatbbn#primaryimage"},"image":{"@id":"https:\/\/dulsonpaint.com\/?product=bot-ba-ngoai-thatbbn#primaryimage"},"thumbnailUrl":"https:\/\/dulsonpaint.com\/wp-content\/uploads\/2025\/05\/BBN.png","datePublished":"2025-05-10T02:26:57+00:00","dateModified":"2025-05-10T02:26:58+00:00","description":"B\u1ed9t b\u1ea3 ch\u1ed1ng th\u1ea5m ngo\u1ea1i th\u1ea5t cao c\u1ea5p d\u00f9ng cho s\u01a1n ph\u1ee7 l\u00e0 m\u1ed9t s\u1ea3n ph\u1ea9m tr\u1ed9n s\u1eb5n g\u1ed1c cement chuy\u00ean d\u00f9ng l\u00e0m l\u1edbp ph\u1ee7 ho\u00e0n thi\u1ec7n cu\u1ed1i c\u00f9ng cho b\u1ec1 m\u1eb7t b\u00ea t\u00f4ng hay v\u1eefa tr\u00e1t trong nh\u00e0 tr\u01b0\u1edbc khi s\u01a1n nh\u1eb1m t\u1ea1o b\u1ec1 m\u1eb7t ph\u1eb3ng, m\u1ecbn m\u00e0ng, ch\u1ed1ng th\u1ea5m t\u1ed1t.","breadcrumb":{"@id":"https:\/\/dulsonpaint.com\/?product=bot-ba-ngoai-thatbbn#breadcrumb"},"inLanguage":"vi","potentialAction":[{"@type":"ReadAction","target":["https:\/\/dulsonpaint.com\/?product=bot-ba-ngoai-thatbbn"]}]},{"@type":"ImageObject","inLanguage":"vi","@id":"https:\/\/dulsonpaint.com\/?product=bot-ba-ngoai-thatbbn#primaryimage","url":"https:\/\/dulsonpaint.com\/wp-content\/uploads\/2025\/05\/BBN.png","contentUrl":"https:\/\/dulsonpaint.com\/wp-content\/uploads\/2025\/05\/BBN.png","width":1180,"height":2035},{"@type":"BreadcrumbList","@id":"https:\/\/dulsonpaint.com\/?product=bot-ba-ngoai-thatbbn#breadcrumb","itemListElement":[{"@type":"ListItem","position":1,"name":"Trang ch\u1ee7","item":"https:\/\/dulsonpaint.com\/"},{"@type":"ListItem","position":2,"name":"Shop","item":"https:\/\/dulsonpaint.com\/?page_id=63"},{"@type":"ListItem","position":3,"name":"B\u1ed8T B\u1ea2 NGO\u1ea0I TH\u1ea4T:BBN"}]},{"@type":"WebSite","@id":"https:\/\/dulsonpaint.com\/#website","url":"https:\/\/dulsonpaint.com\/","name":"dulsonpaint","description":"","potentialAction":[{"@type":"SearchAction","target":{"@type":"EntryPoint","urlTemplate":"https:\/\/dulsonpaint.com\/?s={search_term_string}"},"query-input":"required name=search_term_string"}],"inLanguage":"vi"}]}},"_links":{"self":[{"href":"https:\/\/dulsonpaint.com\/index.php?rest_route=\/wp\/v2\/product\/4192"}],"collection":[{"href":"https:\/\/dulsonpaint.com\/index.php?rest_route=\/wp\/v2\/product"}],"about":[{"href":"https:\/\/dulsonpaint.com\/index.php?rest_route=\/wp\/v2\/types\/product"}],"replies":[{"embeddable":true,"href":"https:\/\/dulsonpaint.com\/index.php?rest_route=%2Fwp%2Fv2%2Fcomments&post=4192"}],"wp:featuredmedia":[{"embeddable":true,"href":"https:\/\/dulsonpaint.com\/index.php?rest_route=\/wp\/v2\/media\/4193"}],"wp:attachment":[{"href":"https:\/\/dulsonpaint.com\/index.php?rest_route=%2Fwp%2Fv2%2Fmedia&parent=4192"}],"wp:term":[{"taxonomy":"product_cat","embeddable":true,"href":"https:\/\/dulsonpaint.com\/index.php?rest_route=%2Fwp%2Fv2%2Fproduct_cat&post=4192"},{"taxonomy":"product_tag","embeddable":true,"href":"https:\/\/dulsonpaint.com\/index.php?rest_route=%2Fwp%2Fv2%2Fproduct_tag&post=4192"}],"curies":[{"name":"wp","href":"https:\/\/api.w.org\/{rel}","templated":true}]}}